{"id":45586,"date":"2025-09-10T18:23:32","date_gmt":"2025-09-10T16:23:32","guid":{"rendered":"https:\/\/wein-von-seibert.de\/catalog\/?product=110-25smater-kater-alkoholfreier-wein-075l"},"modified":"2026-03-04T19:38:53","modified_gmt":"2026-03-04T17:38:53","slug":"110-25smater-kater-alkoholfreier-wein-075l","status":"publish","type":"product","link":"https:\/\/wein-von-seibert.de\/catalog\/?product=110-25smater-kater-alkoholfreier-wein-075l","title":{"rendered":"<br><h3>110\/25<\/h3>Smater Kater alkoholfreier Wein 0,75l<br>"},"content":{"rendered":"<div align=\"left\"><!-- IBGHTML -->Smarter Kater &#8211; Rausch ausgeschlossen<br \/>Fruchtig, frisch und erstaunlich schlau.<br \/>Dieser alkoholfreie Wein macht<br \/>Schluss mit dem Kater, bevor<br \/>er \u00fcberhaupt anfangen kann.<br \/>Als Schorle ein echter Geheimtipp.<br \/><font size=\"2\"><strong>entalkoholisierter&nbsp;Wein<br \/>&lt; 0,5 % vol.<br \/>Deutsches Erzeugnis<br \/>Wein, ganz ohne Alkohol!<br \/><\/strong><\/font><font size=\"1\">Zukauf<br \/><\/font><font size=\"2\"><br \/>Zutaten:<br \/>Trauben, Konservierungsstoffe:&nbsp;Sc<strong>hwefeldioxid, <\/strong>Dimethyldicarbonat<\/p>\n<p>Durchschnittliche N\u00e4hrwerte je 100ml:<br \/>Energie&nbsp;&nbsp;&nbsp;&nbsp;&nbsp;&nbsp;&nbsp;&nbsp;&nbsp;&nbsp;&nbsp;&nbsp;&nbsp;&nbsp;&nbsp;&nbsp;&nbsp;&nbsp;&nbsp;&nbsp;&nbsp;&nbsp;&nbsp;&nbsp;&nbsp;&nbsp;&nbsp;&nbsp;&nbsp;&nbsp;&nbsp;&nbsp;&nbsp;&nbsp;&nbsp;&nbsp;&nbsp;&nbsp;&nbsp;&nbsp;&nbsp;&nbsp;&nbsp; 86kJ\/20kcal<br \/>Kohlenhydrate\/davon Zucker&nbsp;&nbsp;&nbsp;&nbsp;&nbsp;&nbsp;&nbsp;&nbsp; 4,4g\/3,8g<br \/>Enth\u00e4lt geringf\u00fcgige Mengen Fett, ges\u00e4ttigte Fetts\u00e4uren, Eiwei\u00df und Salz<\/font><\/p><\/div>\n<table WIDTH=\"60%\" BORDER=\"0\" align=\"left\" CELLPADDING=\"0\" CELLSPACING=\"0\"><\/p>\n<tr><\/p>\n<td width=\"53%\"><font size=\"-1\">Artikelnummer:<\/font><\/td>\n<td width=\"47%\"><font size=\"-1\"><strong>110\/25<\/strong><\/font><\/td>\n<p><\/tr>\n<tr><\/p>\n<td><font size=\"-1\">Inhalt<\/font><\/td>\n<td><font size=\"-1\"><strong>0,75 Ltr.<\/strong><\/font><\/td>\n<p><\/tr>\n<tr ALIGN=\"LEFT\"><\/p>\n<td><font size=\"-1\">Preis\/Ltr.<\/font><\/td>\n<td><font size=\"-1\"><strong>10,00 EUR pro Ltr.<\/strong><\/font><\/td>\n<p><\/tr>\n<tr><\/p>\n<td><font size=\"-1\">Weinart:<\/font><\/td>\n<td><font size=\"-1\"><strong>Wei\u00dfwein<\/strong><\/font><\/td>\n<p><\/tr>\n<tr><\/p>\n<td><font size=\"-1\">Qualit&auml;tsstufe<\/font><\/td>\n<td><font size=\"-1\"><strong>Deutscher Wein<\/strong><\/font><\/td>\n<p><\/tr>\n<tr><\/p>\n<td><font size=\"-1\">Rebsorte<\/font><\/td>\n<td><font size=\"-1\"><strong><\/strong><\/font><\/td>\n<p><\/tr>\n<tr>  <\/p>\n<td><font size=\"-1\">Restzuckergehalt<\/font><\/td>\n<p>  <\/p>\n<td><font size=\"-1\"><strong>38 g\/Ltr.<\/strong><\/font><\/td>\n<p><\/tr>\n<tr>  <\/p>\n<td><font size=\"-1\">Fruchts\u00e4ure<\/font><\/td>\n<p>  <\/p>\n<td><font size=\"-1\"><strong><\/strong><\/font><\/td>\n<p><\/tr>\n<tr><\/p>\n<td><font size=\"-1\">Alkoholgehalt<\/font><\/td>\n<td><font size=\"-1\"><strong><\/strong><\/font><\/td>\n<p><\/tr>\n<p><\/p>\n<tr>\n<td><font size=\"-1\">Bio:<\/font><\/td>\n<td><font size=\"-1\"><strong>NEIN<\/strong><\/font><\/td>\n<\/tr>\n<p><\/p>\n<tr>\n<td><font size=\"-1\">vegan:<\/font><\/td>\n<td><font size=\"-1\"><strong>JA<\/strong><\/font><\/td>\n<\/tr>\n<p><\/p>\n<tr>\n<td><font size=\"-1\">Ursprungsland:<\/font><\/td>\n<td><font size=\"-1\"><strong>Deutschland<\/strong><\/font><\/td>\n<\/tr>\n<p><\/p>\n<tr>\n<td><font size=\"-1\">enth\u00e4lt Allergene:<\/font><\/td>\n<td><font size=\"-1\"><strong>Sulfite<\/strong><\/font><\/td>\n<\/tr>\n<p><\/table>\n","protected":false},"excerpt":{"rendered":"<p>Smarter Kater &#8211; Rausch ausgeschlossenFruchtig, frisch und erstaunlich schlau.Dieser alkoholfreie Wein machtSchluss mit dem Kater, bevorer \u00fcberhaupt anfangen kann.Als Schorle ein echter Geheimtipp.entalkoholisierter&nbsp;Wein&lt; 0,5 % vol.Deutsches ErzeugnisWein, ganz ohne Alkohol!ZukaufZutaten:Trauben, Konservierungsstoffe:&nbsp;Schwefeldioxid, Dimethyldicarbonat Durchschnittliche N\u00e4hrwerte je 100ml:Energie&nbsp;&nbsp;&nbsp;&nbsp;&nbsp;&nbsp;&nbsp;&nbsp;&nbsp;&nbsp;&nbsp;&nbsp;&nbsp;&nbsp;&nbsp;&nbsp;&nbsp;&nbsp;&nbsp;&nbsp;&nbsp;&nbsp;&nbsp;&nbsp;&nbsp;&nbsp;&nbsp;&nbsp;&nbsp;&nbsp;&nbsp;&nbsp;&nbsp;&nbsp;&nbsp;&nbsp;&nbsp;&nbsp;&nbsp;&nbsp;&nbsp;&nbsp;&nbsp; 86kJ\/20kcalKohlenhydrate\/davon Zucker&nbsp;&nbsp;&nbsp;&nbsp;&nbsp;&nbsp;&nbsp;&nbsp; 4,4g\/3,8gEnth\u00e4lt geringf\u00fcgige Mengen Fett, ges\u00e4ttigte Fetts\u00e4uren, Eiwei\u00df und Salz Artikelnummer: 110\/25 Inhalt 0,75 Ltr. Preis\/Ltr. 10,00 EUR [&hellip;]<\/p>\n","protected":false},"featured_media":45519,"template":"","meta":[],"product_brand":[],"product_cat":[2186],"product_tag":[],"class_list":{"0":"post-45586","1":"product","2":"type-product","3":"status-publish","4":"has-post-thumbnail","6":"product_cat-alkoholfreies-sonstiges","8":"first","9":"instock","10":"taxable","11":"shipping-taxable","12":"purchasable","13":"product-type-simple"},"_links":{"self":[{"href":"https:\/\/wein-von-seibert.de\/catalog\/index.php?rest_route=\/wp\/v2\/product\/45586"}],"collection":[{"href":"https:\/\/wein-von-seibert.de\/catalog\/index.php?rest_route=\/wp\/v2\/product"}],"about":[{"href":"https:\/\/wein-von-seibert.de\/catalog\/index.php?rest_route=\/wp\/v2\/types\/product"}],"wp:featuredmedia":[{"embeddable":true,"href":"https:\/\/wein-von-seibert.de\/catalog\/index.php?rest_route=\/wp\/v2\/media\/45519"}],"wp:attachment":[{"href":"https:\/\/wein-von-seibert.de\/catalog\/index.php?rest_route=%2Fwp%2Fv2%2Fmedia&parent=45586"}],"wp:term":[{"taxonomy":"product_brand","embeddable":true,"href":"https:\/\/wein-von-seibert.de\/catalog\/index.php?rest_route=%2Fwp%2Fv2%2Fproduct_brand&post=45586"},{"taxonomy":"product_cat","embeddable":true,"href":"https:\/\/wein-von-seibert.de\/catalog\/index.php?rest_route=%2Fwp%2Fv2%2Fproduct_cat&post=45586"},{"taxonomy":"product_tag","embeddable":true,"href":"https:\/\/wein-von-seibert.de\/catalog\/index.php?rest_route=%2Fwp%2Fv2%2Fproduct_tag&post=45586"}],"curies":[{"name":"wp","href":"https:\/\/api.w.org\/{rel}","templated":true}]}}