{"id":45543,"date":"2025-07-19T16:33:42","date_gmt":"2025-07-19T14:33:42","guid":{"rendered":"https:\/\/wein-von-seibert.de\/catalog\/?product=11-242024er-chardonnay-kabinett-trocken-075l"},"modified":"2026-03-04T19:38:44","modified_gmt":"2026-03-04T17:38:44","slug":"11-242024er-chardonnay-kabinett-trocken-075l","status":"publish","type":"product","link":"https:\/\/wein-von-seibert.de\/catalog\/?product=11-242024er-chardonnay-kabinett-trocken-075l","title":{"rendered":"<br><h3>11\/24<\/h3>2024er Chardonnay Kabinett trocken 0,75l<br>"},"content":{"rendered":"<div align=\"left\"><!-- IBGHTML --><font size=\"2\"><font face=\"Calibri\" size=\"3\">Bekannt und bliebt durch seine vielf\u00e4ltige<br \/>Frucht. Reifes Aroma, angenehme F\u00fclle <br \/>und am Gaumen reife Birne.<br \/>Deutscher Qualit\u00e4tswein<\/font><br \/><\/font><!-- IBGHTML --><\/p><\/div>\n<table WIDTH=\"60%\" BORDER=\"0\" align=\"left\" CELLPADDING=\"0\" CELLSPACING=\"0\"><\/p>\n<tr><\/p>\n<td width=\"53%\"><font size=\"-1\">Artikelnummer:<\/font><\/td>\n<td width=\"47%\"><font size=\"-1\"><strong>11\/24<\/strong><\/font><\/td>\n<p><\/tr>\n<tr><\/p>\n<td><font size=\"-1\">Inhalt<\/font><\/td>\n<td><font size=\"-1\"><strong>0,75 Ltr.<\/strong><\/font><\/td>\n<p><\/tr>\n<tr ALIGN=\"LEFT\"><\/p>\n<td><font size=\"-1\">Preis\/Ltr.<\/font><\/td>\n<td><font size=\"-1\"><strong>10,00 EUR pro Ltr.<\/strong><\/font><\/td>\n<p><\/tr>\n<tr><\/p>\n<td><font size=\"-1\">Weinart:<\/font><\/td>\n<td><font size=\"-1\"><strong>Wei\u00dfwein<\/strong><\/font><\/td>\n<p><\/tr>\n<tr><\/p>\n<td><font size=\"-1\">Qualit&auml;tsstufe<\/font><\/td>\n<td><font size=\"-1\"><strong>Kabinett<\/strong><\/font><\/td>\n<p><\/tr>\n<tr><\/p>\n<td><font size=\"-1\">Rebsorte<\/font><\/td>\n<td><font size=\"-1\"><strong>Chardonnay<\/strong><\/font><\/td>\n<p><\/tr>\n<tr>  <\/p>\n<td><font size=\"-1\">Restzuckergehalt<\/font><\/td>\n<p>  <\/p>\n<td><font size=\"-1\"><strong>7,2 g\/Ltr.<\/strong><\/font><\/td>\n<p><\/tr>\n<tr>  <\/p>\n<td><font size=\"-1\">Fruchts\u00e4ure<\/font><\/td>\n<p>  <\/p>\n<td><font size=\"-1\"><strong>5 g\/Ltr.<\/strong><\/font><\/td>\n<p><\/tr>\n<tr><\/p>\n<td><font size=\"-1\">Alkoholgehalt<\/font><\/td>\n<td><font size=\"-1\"><strong>11,5 Vol. %<\/strong><\/font><\/td>\n<p><\/tr>\n<p><\/p>\n<tr>\n<td><font size=\"-1\">Bio:<\/font><\/td>\n<td><font size=\"-1\"><strong>NEIN<\/strong><\/font><\/td>\n<\/tr>\n<p><\/p>\n<tr>\n<td><font size=\"-1\">vegan:<\/font><\/td>\n<td><font size=\"-1\"><strong>JA<\/strong><\/font><\/td>\n<\/tr>\n<p><\/p>\n<tr>\n<td><font size=\"-1\">Ursprungsland:<\/font><\/td>\n<td><font size=\"-1\"><strong>Deutschland<\/strong><\/font><\/td>\n<\/tr>\n<p><\/p>\n<tr>\n<td><font size=\"-1\">enth\u00e4lt Allergene:<\/font><\/td>\n<td><font size=\"-1\"><strong>Sulfite<\/strong><\/font><\/td>\n<\/tr>\n<p><\/table>\n","protected":false},"excerpt":{"rendered":"<p>Bekannt und bliebt durch seine vielf\u00e4ltigeFrucht. Reifes Aroma, angenehme F\u00fclle und am Gaumen reife Birne.Deutscher Qualit\u00e4tswein Artikelnummer: 11\/24 Inhalt 0,75 Ltr. Preis\/Ltr. 10,00 EUR pro Ltr. Weinart: Wei\u00dfwein Qualit&auml;tsstufe Kabinett Rebsorte Chardonnay Restzuckergehalt 7,2 g\/Ltr. Fruchts\u00e4ure 5 g\/Ltr. Alkoholgehalt 11,5 Vol. % Bio: NEIN vegan: JA Ursprungsland: Deutschland enth\u00e4lt Allergene: Sulfite<\/p>\n","protected":false},"featured_media":45535,"template":"","meta":[],"product_brand":[],"product_cat":[2184],"product_tag":[],"class_list":{"0":"post-45543","1":"product","2":"type-product","3":"status-publish","4":"has-post-thumbnail","6":"product_cat-weissweine-trocken","8":"first","9":"instock","10":"taxable","11":"shipping-taxable","12":"purchasable","13":"product-type-simple"},"_links":{"self":[{"href":"https:\/\/wein-von-seibert.de\/catalog\/index.php?rest_route=\/wp\/v2\/product\/45543"}],"collection":[{"href":"https:\/\/wein-von-seibert.de\/catalog\/index.php?rest_route=\/wp\/v2\/product"}],"about":[{"href":"https:\/\/wein-von-seibert.de\/catalog\/index.php?rest_route=\/wp\/v2\/types\/product"}],"wp:featuredmedia":[{"embeddable":true,"href":"https:\/\/wein-von-seibert.de\/catalog\/index.php?rest_route=\/wp\/v2\/media\/45535"}],"wp:attachment":[{"href":"https:\/\/wein-von-seibert.de\/catalog\/index.php?rest_route=%2Fwp%2Fv2%2Fmedia&parent=45543"}],"wp:term":[{"taxonomy":"product_brand","embeddable":true,"href":"https:\/\/wein-von-seibert.de\/catalog\/index.php?rest_route=%2Fwp%2Fv2%2Fproduct_brand&post=45543"},{"taxonomy":"product_cat","embeddable":true,"href":"https:\/\/wein-von-seibert.de\/catalog\/index.php?rest_route=%2Fwp%2Fv2%2Fproduct_cat&post=45543"},{"taxonomy":"product_tag","embeddable":true,"href":"https:\/\/wein-von-seibert.de\/catalog\/index.php?rest_route=%2Fwp%2Fv2%2Fproduct_tag&post=45543"}],"curies":[{"name":"wp","href":"https:\/\/api.w.org\/{rel}","templated":true}]}}

<div align="left"><!-- IBGHTML --><font size="2"><font face="Calibri" size="3">Bekannt und bliebt durch seine vielfältige<br />Frucht. Reifes Aroma, angenehme Fülle <br />und am Gaumen reife Birne.<br />Deutscher Qualitätswein</font><br /></font><!-- IBGHTML --></p></div>
<table WIDTH="60%" BORDER="0" align="left" CELLPADDING="0" CELLSPACING="0"></p>
<tr></p>
<td width="53%"><font size="-1">Artikelnummer:</font></td>
<td width="47%"><font size="-1"><strong>11/24</strong></font></td>
<p></tr>
<tr></p>
<td><font size="-1">Inhalt</font></td>
<td><font size="-1"><strong>0,75 Ltr.</strong></font></td>
<p></tr>
<tr ALIGN="LEFT"></p>
<td><font size="-1">Preis/Ltr.</font></td>
<td><font size="-1"><strong>10,00 EUR pro Ltr.</strong></font></td>
<p></tr>
<tr></p>
<td><font size="-1">Weinart:</font></td>
<td><font size="-1"><strong>Weißwein</strong></font></td>
<p></tr>
<tr></p>
<td><font size="-1">Qualit&auml;tsstufe</font></td>
<td><font size="-1"><strong>Kabinett</strong></font></td>
<p></tr>
<tr></p>
<td><font size="-1">Rebsorte</font></td>
<td><font size="-1"><strong>Chardonnay</strong></font></td>
<p></tr>
<tr>  </p>
<td><font size="-1">Restzuckergehalt</font></td>
<p>  </p>
<td><font size="-1"><strong>7,2 g/Ltr.</strong></font></td>
<p></tr>
<tr>  </p>
<td><font size="-1">Fruchtsäure</font></td>
<p>  </p>
<td><font size="-1"><strong>5 g/Ltr.</strong></font></td>
<p></tr>
<tr></p>
<td><font size="-1">Alkoholgehalt</font></td>
<td><font size="-1"><strong>11,5 Vol. %</strong></font></td>
<p></tr>
<p></p>
<tr>
<td><font size="-1">Bio:</font></td>
<td><font size="-1"><strong>NEIN</strong></font></td>
</tr>
<p></p>
<tr>
<td><font size="-1">vegan:</font></td>
<td><font size="-1"><strong>JA</strong></font></td>
</tr>
<p></p>
<tr>
<td><font size="-1">Ursprungsland:</font></td>
<td><font size="-1"><strong>Deutschland</strong></font></td>
</tr>
<p></p>
<tr>
<td><font size="-1">enthält Allergene:</font></td>
<td><font size="-1"><strong>Sulfite</strong></font></td>
</tr>
<p></table>

<p>Bekannt und bliebt durch seine vielfältigeFrucht. Reifes Aroma, angenehme Fülle und am Gaumen reife Birne.Deutscher Qualitätswein Artikelnummer: 11/24 Inhalt 0,75 Ltr. Preis/Ltr. 10,00 EUR pro Ltr. Weinart: Weißwein Qualit&auml;tsstufe Kabinett Rebsorte Chardonnay Restzuckergehalt 7,2 g/Ltr. Fruchtsäure 5 g/Ltr. Alkoholgehalt 11,5 Vol. % Bio: NEIN vegan: JA Ursprungsland: Deutschland enthält Allergene: Sulfite</p>
