{"id":45542,"date":"2025-07-19T16:33:36","date_gmt":"2025-07-19T14:33:36","guid":{"rendered":"https:\/\/wein-von-seibert.de\/catalog\/?product=02b-242024er-blind-date-rose-trocken-075l"},"modified":"2026-03-04T19:38:40","modified_gmt":"2026-03-04T17:38:40","slug":"02b-242024er-blind-date-rose-trocken-075l","status":"publish","type":"product","link":"https:\/\/wein-von-seibert.de\/catalog\/?product=02b-242024er-blind-date-rose-trocken-075l","title":{"rendered":"<br><h3>02B\/24<\/h3>2024er &#8222;Blind Date&#8220; Ros\u00e9 trocken 0,75l<br>"},"content":{"rendered":"<div align=\"left\"><!-- IBGHTML --><font size=\"2\"><font face=\"Calibri\"><font size=\"3\">fruchtige Waldbeere trifft auf feine Noten aus&nbsp;tiefgr\u00fcndigem L\u00f6ss-Lehm.<br \/>Sonne, Leben &amp; Lust auf Outdoor.<br \/>Kr\u00e4ftig und erfrischend anders, viel Farbe&nbsp;&#8211; macht Lust auf mehr!<br \/>Deutscher Qualit\u00e4tswein<\/font><\/font><\/p>\n<p class=\"MsoNormal\"><span lang=\"de\">&nbsp;<\/span><\/p>\n<p><\/font><\/p><\/div>\n<table WIDTH=\"60%\" BORDER=\"0\" align=\"left\" CELLPADDING=\"0\" CELLSPACING=\"0\"><\/p>\n<tr><\/p>\n<td width=\"53%\"><font size=\"-1\">Artikelnummer:<\/font><\/td>\n<td width=\"47%\"><font size=\"-1\"><strong>02B\/24<\/strong><\/font><\/td>\n<p><\/tr>\n<tr><\/p>\n<td><font size=\"-1\">Inhalt<\/font><\/td>\n<td><font size=\"-1\"><strong>0,75 Ltr.<\/strong><\/font><\/td>\n<p><\/tr>\n<tr ALIGN=\"LEFT\"><\/p>\n<td><font size=\"-1\">Preis\/Ltr.<\/font><\/td>\n<td><font size=\"-1\"><strong>9,33 EUR pro Ltr.<\/strong><\/font><\/td>\n<p><\/tr>\n<tr><\/p>\n<td><font size=\"-1\">Weinart:<\/font><\/td>\n<td><font size=\"-1\"><strong>Roseewein<\/strong><\/font><\/td>\n<p><\/tr>\n<tr><\/p>\n<td><font size=\"-1\">Qualit&auml;tsstufe<\/font><\/td>\n<td><font size=\"-1\"><strong>Qualit\u00e4tswein<\/strong><\/font><\/td>\n<p><\/tr>\n<tr><\/p>\n<td><font size=\"-1\">Rebsorte<\/font><\/td>\n<td><font size=\"-1\"><strong>Regent<\/strong><\/font><\/td>\n<p><\/tr>\n<tr>  <\/p>\n<td><font size=\"-1\">Restzuckergehalt<\/font><\/td>\n<p>  <\/p>\n<td><font size=\"-1\"><strong>4 g\/Ltr.<\/strong><\/font><\/td>\n<p><\/tr>\n<tr>  <\/p>\n<td><font size=\"-1\">Fruchts\u00e4ure<\/font><\/td>\n<p>  <\/p>\n<td><font size=\"-1\"><strong>4,4 g\/Ltr.<\/strong><\/font><\/td>\n<p><\/tr>\n<tr><\/p>\n<td><font size=\"-1\">Alkoholgehalt<\/font><\/td>\n<td><font size=\"-1\"><strong>11,5 Vol. %<\/strong><\/font><\/td>\n<p><\/tr>\n<p><\/p>\n<tr>\n<td><font size=\"-1\">Bio:<\/font><\/td>\n<td><font size=\"-1\"><strong>NEIN<\/strong><\/font><\/td>\n<\/tr>\n<p><\/p>\n<tr>\n<td><font size=\"-1\">vegan:<\/font><\/td>\n<td><font size=\"-1\"><strong>JA<\/strong><\/font><\/td>\n<\/tr>\n<p><\/p>\n<tr>\n<td><font size=\"-1\">Ursprungsland:<\/font><\/td>\n<td><font size=\"-1\"><strong>Deutschland<\/strong><\/font><\/td>\n<\/tr>\n<p><\/p>\n<tr>\n<td><font size=\"-1\">enth\u00e4lt Allergene:<\/font><\/td>\n<td><font size=\"-1\"><strong>Sulfite<\/strong><\/font><\/td>\n<\/tr>\n<p><\/table>\n","protected":false},"excerpt":{"rendered":"<p>fruchtige Waldbeere trifft auf feine Noten aus&nbsp;tiefgr\u00fcndigem L\u00f6ss-Lehm.Sonne, Leben &amp; Lust auf Outdoor.Kr\u00e4ftig und erfrischend anders, viel Farbe&nbsp;&#8211; macht Lust auf mehr!Deutscher Qualit\u00e4tswein &nbsp; Artikelnummer: 02B\/24 Inhalt 0,75 Ltr. Preis\/Ltr. 9,33 EUR pro Ltr. Weinart: Roseewein Qualit&auml;tsstufe Qualit\u00e4tswein Rebsorte Regent Restzuckergehalt 4 g\/Ltr. Fruchts\u00e4ure 4,4 g\/Ltr. Alkoholgehalt 11,5 Vol. % Bio: NEIN vegan: JA Ursprungsland: [&hellip;]<\/p>\n","protected":false},"featured_media":45532,"template":"","meta":[],"product_brand":[],"product_cat":[2183],"product_tag":[],"class_list":{"0":"post-45542","1":"product","2":"type-product","3":"status-publish","4":"has-post-thumbnail","6":"product_cat-weissherbste-roseweine","8":"first","9":"instock","10":"taxable","11":"shipping-taxable","12":"purchasable","13":"product-type-simple"},"_links":{"self":[{"href":"https:\/\/wein-von-seibert.de\/catalog\/index.php?rest_route=\/wp\/v2\/product\/45542"}],"collection":[{"href":"https:\/\/wein-von-seibert.de\/catalog\/index.php?rest_route=\/wp\/v2\/product"}],"about":[{"href":"https:\/\/wein-von-seibert.de\/catalog\/index.php?rest_route=\/wp\/v2\/types\/product"}],"wp:featuredmedia":[{"embeddable":true,"href":"https:\/\/wein-von-seibert.de\/catalog\/index.php?rest_route=\/wp\/v2\/media\/45532"}],"wp:attachment":[{"href":"https:\/\/wein-von-seibert.de\/catalog\/index.php?rest_route=%2Fwp%2Fv2%2Fmedia&parent=45542"}],"wp:term":[{"taxonomy":"product_brand","embeddable":true,"href":"https:\/\/wein-von-seibert.de\/catalog\/index.php?rest_route=%2Fwp%2Fv2%2Fproduct_brand&post=45542"},{"taxonomy":"product_cat","embeddable":true,"href":"https:\/\/wein-von-seibert.de\/catalog\/index.php?rest_route=%2Fwp%2Fv2%2Fproduct_cat&post=45542"},{"taxonomy":"product_tag","embeddable":true,"href":"https:\/\/wein-von-seibert.de\/catalog\/index.php?rest_route=%2Fwp%2Fv2%2Fproduct_tag&post=45542"}],"curies":[{"name":"wp","href":"https:\/\/api.w.org\/{rel}","templated":true}]}}