{"id":45490,"date":"2025-03-14T11:20:22","date_gmt":"2025-03-14T09:20:22","guid":{"rendered":"https:\/\/wein-von-seibert.de\/catalog\/?product=60-242024er-traubensaft-weiss-075l"},"modified":"2026-03-04T19:39:08","modified_gmt":"2026-03-04T17:39:08","slug":"60-242024er-traubensaft-weiss-075l","status":"publish","type":"product","link":"https:\/\/wein-von-seibert.de\/catalog\/?product=60-242024er-traubensaft-weiss-075l","title":{"rendered":"<br><h3>60\/24<\/h3>2024er Traubensaft wei\u00df 0,75l<br>"},"content":{"rendered":"<div align=\"left\"><!-- IBGHTML --><font face=\"Calibri\" size=\"3\">Wunderbar s\u00fc\u00df und voller Frucht.<br \/><\/font><font face=\"Calibri\">Zutaten:<br \/><\/font><font face=\"Calibri\">100% Traubensaft, Antioxidationsmittel: <\/font><font face=\"Calibri\" size=\"3\">Ascorbins\u00e4ure<\/p>\n<p>Durchschnittliche N\u00e4hrwerte je 100ml:<br \/>Energie&nbsp;&nbsp;&nbsp;&nbsp;&nbsp;&nbsp;&nbsp;&nbsp; &nbsp;&nbsp;&nbsp;&nbsp;&nbsp;&nbsp;&nbsp;&nbsp;&nbsp; 304kJ\/73kcal<br \/>Kohlenhydrate&nbsp;&nbsp;&nbsp;&nbsp;&nbsp;&nbsp;17g<br \/>davon Zucker&nbsp;&nbsp;&nbsp;&nbsp;&nbsp;&nbsp;&nbsp; 17g<br \/>Enth\u00e4lt geringf\u00fcgige Mengen Fett, ges\u00e4ttigte Fetts\u00e4uren, Eiwei\u00df und Salz<\/font><\/p><\/div>\n<table WIDTH=\"60%\" BORDER=\"0\" align=\"left\" CELLPADDING=\"0\" CELLSPACING=\"0\"><\/p>\n<tr><\/p>\n<td width=\"53%\"><font size=\"-1\">Artikelnummer:<\/font><\/td>\n<td width=\"47%\"><font size=\"-1\"><strong>60\/24<\/strong><\/font><\/td>\n<p><\/tr>\n<tr><\/p>\n<td><font size=\"-1\">Inhalt<\/font><\/td>\n<td><font size=\"-1\"><strong>0,75 Ltr.<\/strong><\/font><\/td>\n<p><\/tr>\n<tr ALIGN=\"LEFT\"><\/p>\n<td><font size=\"-1\">Preis\/Ltr.<\/font><\/td>\n<td><font size=\"-1\"><strong>6,93 EUR pro Ltr.<\/strong><\/font><\/td>\n<p><\/tr>\n<tr><\/p>\n<td><font size=\"-1\">Weinart:<\/font><\/td>\n<td><font size=\"-1\"><strong>Traubensaft wei\u00df<\/strong><\/font><\/td>\n<p><\/tr>\n<tr><\/p>\n<td><font size=\"-1\">Qualit&auml;tsstufe<\/font><\/td>\n<td><font size=\"-1\"><strong>Grundwein<\/strong><\/font><\/td>\n<p><\/tr>\n<tr><\/p>\n<td><font size=\"-1\">Rebsorte<\/font><\/td>\n<td><font size=\"-1\"><strong>Muscaris<\/strong><\/font><\/td>\n<p><\/tr>\n<tr>  <\/p>\n<td><font size=\"-1\">Restzuckergehalt<\/font><\/td>\n<p>  <\/p>\n<td><font size=\"-1\"><strong><\/strong><\/font><\/td>\n<p><\/tr>\n<tr>  <\/p>\n<td><font size=\"-1\">Fruchts\u00e4ure<\/font><\/td>\n<p>  <\/p>\n<td><font size=\"-1\"><strong><\/strong><\/font><\/td>\n<p><\/tr>\n<tr><\/p>\n<td><font size=\"-1\">Alkoholgehalt<\/font><\/td>\n<td><font size=\"-1\"><strong><\/strong><\/font><\/td>\n<p><\/tr>\n<p><\/p>\n<tr>\n<td><font size=\"-1\">Bio:<\/font><\/td>\n<td><font size=\"-1\"><strong>NEIN<\/strong><\/font><\/td>\n<\/tr>\n<p><\/p>\n<tr>\n<td><font size=\"-1\">vegan:<\/font><\/td>\n<td><font size=\"-1\"><strong>NEIN<\/strong><\/font><\/td>\n<\/tr>\n<p><\/p>\n<tr>\n<td><font size=\"-1\">Ursprungsland:<\/font><\/td>\n<td><font size=\"-1\"><strong>Deutschland<\/strong><\/font><\/td>\n<\/tr>\n<p><\/p>\n<tr>\n<td><font size=\"-1\">enth\u00e4lt Allergene:<\/font><\/td>\n<td><font size=\"-1\"><strong>&#8211;<\/strong><\/font><\/td>\n<\/tr>\n<p><\/table>\n","protected":false},"excerpt":{"rendered":"<p>Wunderbar s\u00fc\u00df und voller Frucht.Zutaten:100% Traubensaft, Antioxidationsmittel: Ascorbins\u00e4ure Durchschnittliche N\u00e4hrwerte je 100ml:Energie&nbsp;&nbsp;&nbsp;&nbsp;&nbsp;&nbsp;&nbsp;&nbsp; &nbsp;&nbsp;&nbsp;&nbsp;&nbsp;&nbsp;&nbsp;&nbsp;&nbsp; 304kJ\/73kcalKohlenhydrate&nbsp;&nbsp;&nbsp;&nbsp;&nbsp;&nbsp;17gdavon Zucker&nbsp;&nbsp;&nbsp;&nbsp;&nbsp;&nbsp;&nbsp; 17gEnth\u00e4lt geringf\u00fcgige Mengen Fett, ges\u00e4ttigte Fetts\u00e4uren, Eiwei\u00df und Salz Artikelnummer: 60\/24 Inhalt 0,75 Ltr. Preis\/Ltr. 6,93 EUR pro Ltr. Weinart: Traubensaft wei\u00df Qualit&auml;tsstufe Grundwein Rebsorte Muscaris Restzuckergehalt Fruchts\u00e4ure Alkoholgehalt Bio: NEIN vegan: NEIN Ursprungsland: Deutschland enth\u00e4lt Allergene: &#8211;<\/p>\n","protected":false},"featured_media":45103,"template":"","meta":[],"product_brand":[],"product_cat":[2186],"product_tag":[],"class_list":{"0":"post-45490","1":"product","2":"type-product","3":"status-publish","4":"has-post-thumbnail","6":"product_cat-alkoholfreies-sonstiges","8":"first","9":"instock","10":"taxable","11":"shipping-taxable","12":"purchasable","13":"product-type-simple"},"_links":{"self":[{"href":"https:\/\/wein-von-seibert.de\/catalog\/index.php?rest_route=\/wp\/v2\/product\/45490"}],"collection":[{"href":"https:\/\/wein-von-seibert.de\/catalog\/index.php?rest_route=\/wp\/v2\/product"}],"about":[{"href":"https:\/\/wein-von-seibert.de\/catalog\/index.php?rest_route=\/wp\/v2\/types\/product"}],"wp:featuredmedia":[{"embeddable":true,"href":"https:\/\/wein-von-seibert.de\/catalog\/index.php?rest_route=\/wp\/v2\/media\/45103"}],"wp:attachment":[{"href":"https:\/\/wein-von-seibert.de\/catalog\/index.php?rest_route=%2Fwp%2Fv2%2Fmedia&parent=45490"}],"wp:term":[{"taxonomy":"product_brand","embeddable":true,"href":"https:\/\/wein-von-seibert.de\/catalog\/index.php?rest_route=%2Fwp%2Fv2%2Fproduct_brand&post=45490"},{"taxonomy":"product_cat","embeddable":true,"href":"https:\/\/wein-von-seibert.de\/catalog\/index.php?rest_route=%2Fwp%2Fv2%2Fproduct_cat&post=45490"},{"taxonomy":"product_tag","embeddable":true,"href":"https:\/\/wein-von-seibert.de\/catalog\/index.php?rest_route=%2Fwp%2Fv2%2Fproduct_tag&post=45490"}],"curies":[{"name":"wp","href":"https:\/\/api.w.org\/{rel}","templated":true}]}}