{"id":45013,"date":"2022-10-19T10:30:53","date_gmt":"2022-10-19T08:30:53","guid":{"rendered":"https:\/\/wein-von-seibert.de\/catalog\/?product=63traubensaft-perlchen-alkoholfrei-075l"},"modified":"2026-03-04T19:38:55","modified_gmt":"2026-03-04T17:38:55","slug":"63traubensaft-perlchen-alkoholfrei-075l","status":"publish","type":"product","link":"https:\/\/wein-von-seibert.de\/catalog\/?product=63traubensaft-perlchen-alkoholfrei-075l","title":{"rendered":"<br><h3>63<\/h3>Traubensaft-Perlchen alkoholfrei   0,75l<br>"},"content":{"rendered":"<div align=\"left\"><!-- IBGHTML --><font face=\"Calibri\">Traubensaft-Perlchen alkoholfrei<br \/><\/font><font face=\"Calibri\">Prickelnder Genuss ohne Alkohol!<br \/>Fruchtig, spritzig, dabei nicht zu s\u00fc\u00df.<br \/><\/font><font face=\"Calibri\">Zukauf<br \/><\/font><font size=\"2\"><font face=\"Calibri\"><font size=\"3\"><br \/>alkoholfreies, sch\u00e4umendes Getr\u00e4nk<br \/>Deutscher Traubensaft mit zugesetzter Kohlens\u00e4ure<\/p>\n<p>Zutaten:<br \/>100% Traubensaft, Konservierungsstoff: Kohlens\u00e4ure,&nbsp;S\u00e4ureregulatoren: Citronens\u00e4ure,&nbsp;Antioxidationsmittel: Ascorbins\u00e4ure<\/p>\n<p>Durchschnittliche N\u00e4hrwerte je 100ml:<br \/>Energie&nbsp;&nbsp;&nbsp;&nbsp;&nbsp;&nbsp;&nbsp;&nbsp;&nbsp;&nbsp;&nbsp;&nbsp;&nbsp;&nbsp;&nbsp;&nbsp;&nbsp;&nbsp; 270kJ\/64kcal<br \/>Kohlenhydrate&nbsp;&nbsp;&nbsp;&nbsp;&nbsp; 15g<br \/>davon Zucker&nbsp;&nbsp;&nbsp;&nbsp;&nbsp;&nbsp; &nbsp; 15g<br \/>Enth\u00e4lt geringf\u00fcgige Mengen Fett, ges\u00e4ttigte Fetts\u00e4uren, Eiwei\u00df und Salz<\/font><\/font><\/font><\/p><\/div>\n<table WIDTH=\"60%\" BORDER=\"0\" align=\"left\" CELLPADDING=\"0\" CELLSPACING=\"0\"><\/p>\n<tr><\/p>\n<td width=\"53%\"><font size=\"-1\">Artikelnummer:<\/font><\/td>\n<td width=\"47%\"><font size=\"-1\"><strong>63<\/strong><\/font><\/td>\n<p><\/tr>\n<tr><\/p>\n<td><font size=\"-1\">Inhalt<\/font><\/td>\n<td><font size=\"-1\"><strong>0,75 Ltr.<\/strong><\/font><\/td>\n<p><\/tr>\n<tr ALIGN=\"LEFT\"><\/p>\n<td><font size=\"-1\">Preis\/Ltr.<\/font><\/td>\n<td><font size=\"-1\"><strong>9,33 EUR pro Ltr.<\/strong><\/font><\/td>\n<p><\/tr>\n<tr><\/p>\n<td><font size=\"-1\">Weinart:<\/font><\/td>\n<td><font size=\"-1\"><strong>Wei\u00df<\/strong><\/font><\/td>\n<p><\/tr>\n<tr><\/p>\n<td><font size=\"-1\">Qualit&auml;tsstufe<\/font><\/td>\n<td><font size=\"-1\"><strong><\/strong><\/font><\/td>\n<p><\/tr>\n<tr><\/p>\n<td><font size=\"-1\">Rebsorte<\/font><\/td>\n<td><font size=\"-1\"><strong>Traubensaft-Perlchen<\/strong><\/font><\/td>\n<p><\/tr>\n<tr>  <\/p>\n<td><font size=\"-1\">Restzuckergehalt<\/font><\/td>\n<p>  <\/p>\n<td><font size=\"-1\"><strong><\/strong><\/font><\/td>\n<p><\/tr>\n<tr>  <\/p>\n<td><font size=\"-1\">Fruchts\u00e4ure<\/font><\/td>\n<p>  <\/p>\n<td><font size=\"-1\"><strong><\/strong><\/font><\/td>\n<p><\/tr>\n<tr><\/p>\n<td><font size=\"-1\">Alkoholgehalt<\/font><\/td>\n<td><font size=\"-1\"><strong><\/strong><\/font><\/td>\n<p><\/tr>\n<p><\/p>\n<tr>\n<td><font size=\"-1\">Bio:<\/font><\/td>\n<td><font size=\"-1\"><strong>NEIN<\/strong><\/font><\/td>\n<\/tr>\n<p><\/p>\n<tr>\n<td><font size=\"-1\">vegan:<\/font><\/td>\n<td><font size=\"-1\"><strong>JA<\/strong><\/font><\/td>\n<\/tr>\n<p><\/p>\n<tr>\n<td><font size=\"-1\">Ursprungsland:<\/font><\/td>\n<td><font size=\"-1\"><strong>Deutschland<\/strong><\/font><\/td>\n<\/tr>\n<p><\/p>\n<tr>\n<td><font size=\"-1\">enth\u00e4lt Allergene:<\/font><\/td>\n<td><font size=\"-1\"><strong>&#8211;<\/strong><\/font><\/td>\n<\/tr>\n<p><\/table>\n","protected":false},"excerpt":{"rendered":"<p>Traubensaft-Perlchen alkoholfreiPrickelnder Genuss ohne Alkohol!Fruchtig, spritzig, dabei nicht zu s\u00fc\u00df.Zukaufalkoholfreies, sch\u00e4umendes Getr\u00e4nkDeutscher Traubensaft mit zugesetzter Kohlens\u00e4ure Zutaten:100% Traubensaft, Konservierungsstoff: Kohlens\u00e4ure,&nbsp;S\u00e4ureregulatoren: Citronens\u00e4ure,&nbsp;Antioxidationsmittel: Ascorbins\u00e4ure Durchschnittliche N\u00e4hrwerte je 100ml:Energie&nbsp;&nbsp;&nbsp;&nbsp;&nbsp;&nbsp;&nbsp;&nbsp;&nbsp;&nbsp;&nbsp;&nbsp;&nbsp;&nbsp;&nbsp;&nbsp;&nbsp;&nbsp; 270kJ\/64kcalKohlenhydrate&nbsp;&nbsp;&nbsp;&nbsp;&nbsp; 15gdavon Zucker&nbsp;&nbsp;&nbsp;&nbsp;&nbsp;&nbsp; &nbsp; 15gEnth\u00e4lt geringf\u00fcgige Mengen Fett, ges\u00e4ttigte Fetts\u00e4uren, Eiwei\u00df und Salz Artikelnummer: 63 Inhalt 0,75 Ltr. Preis\/Ltr. 9,33 EUR pro Ltr. Weinart: Wei\u00df Qualit&auml;tsstufe Rebsorte Traubensaft-Perlchen Restzuckergehalt [&hellip;]<\/p>\n","protected":false},"featured_media":44941,"template":"","meta":[],"product_brand":[],"product_cat":[2186],"product_tag":[],"class_list":{"0":"post-45013","1":"product","2":"type-product","3":"status-publish","4":"has-post-thumbnail","6":"product_cat-alkoholfreies-sonstiges","8":"first","9":"instock","10":"taxable","11":"shipping-taxable","12":"purchasable","13":"product-type-simple"},"_links":{"self":[{"href":"https:\/\/wein-von-seibert.de\/catalog\/index.php?rest_route=\/wp\/v2\/product\/45013"}],"collection":[{"href":"https:\/\/wein-von-seibert.de\/catalog\/index.php?rest_route=\/wp\/v2\/product"}],"about":[{"href":"https:\/\/wein-von-seibert.de\/catalog\/index.php?rest_route=\/wp\/v2\/types\/product"}],"wp:featuredmedia":[{"embeddable":true,"href":"https:\/\/wein-von-seibert.de\/catalog\/index.php?rest_route=\/wp\/v2\/media\/44941"}],"wp:attachment":[{"href":"https:\/\/wein-von-seibert.de\/catalog\/index.php?rest_route=%2Fwp%2Fv2%2Fmedia&parent=45013"}],"wp:term":[{"taxonomy":"product_brand","embeddable":true,"href":"https:\/\/wein-von-seibert.de\/catalog\/index.php?rest_route=%2Fwp%2Fv2%2Fproduct_brand&post=45013"},{"taxonomy":"product_cat","embeddable":true,"href":"https:\/\/wein-von-seibert.de\/catalog\/index.php?rest_route=%2Fwp%2Fv2%2Fproduct_cat&post=45013"},{"taxonomy":"product_tag","embeddable":true,"href":"https:\/\/wein-von-seibert.de\/catalog\/index.php?rest_route=%2Fwp%2Fv2%2Fproduct_tag&post=45013"}],"curies":[{"name":"wp","href":"https:\/\/api.w.org\/{rel}","templated":true}]}}